- 16 = -p. Suppose 2*z + d = 11, d + f = z - 4*d. What is the units digit of z?
6
Let f = -10 - -6. Let k = f + 7. Suppose 2*g + k*g = 15. What is the units digit of g?
3
Let p = 13 - 23. What is the units digit of p/3*(-3)/2?
5
Let h(l) = l + 11. Let t be h(-8). Suppose -t*p = -36 - 30. What is the tens digit of p?
2
Let o(s) = 5*s**2 - 8*s - 1. Let a be o(-4). What is the units digit of (6/(-18))/((-1)/a)?
7
What is the units digit of (-13)/(32/12 + -3)?
9
Let p be ((-10)/(-3))/(12/18). Suppose -p*y = -2*y - 135. What is the tens digit of y?
4
Let y be (3/3 - 2)*-2. Let d be 0*(1 - (1 + 1)). Suppose -5*c + a = -28, -26 = -d*c - 4*c + y*a. What is the units digit of c?
5
Suppose -5*v - 2 = -12. Let t(b) = 5*b**3 + 2*b**2 + 2*b - 3. What is the units digit of t(v)?
9
Suppose -9*i + 13*i = 152. What is the units digit of i?
8
Let b = -9 + 19. What is the tens digit of b?
1
Suppose -k - 47 = -2*k. What is the units digit of k?
7
Suppose -10 = 2*u + 2*x, -1 = u - 4*x + 9. What is the units digit of 17/3 - 2/u?
6
Let x = 96 - 48. Suppose -d = 3*d - x. What is the tens digit of d?
1
Let b = -2 - -3. Let v be b/(-4) - 245/(-20). Suppose 42 - v = 3*n. What is the units digit of n?
0
Let o(j) = j - 2. Let c = 2 - 0. Let p be o(c). Suppose n = -p*y + 4*y - 26, 5*y - 33 = n. What is the units digit of y?
7
What is the units digit of ((-48)/40)/(4/(-30))?
9
Let k(m) = m**3 + 10*m**2 + 6*m - 8. Let n = -19 + 10. What is the units digit of k(n)?
9
Let a be (-4)/(-14) + (-246)/(-21). Suppose a = 2*g + g. What is the units digit of g?
4
Suppose 5*p - 26 = -0*p + 4*q, 0 = 3*p - 4*q - 22. Let s be (-1 - p)/((-1)/3). Suppose -3*l + s = -24. What is the tens digit of l?
1
Suppose -2*q + 15 = q. Suppose 0 = -a + q*a - 36. What is the units digit of a?
9
Suppose 5*q + 4*u - 3*u - 565 = 0, -q - 5*u = -113. What is the hundreds digit of q?
1
Suppose 7*y = 5*y + 98. What is the units digit of y?
9
Let v = -366 + 564. What is the hundreds digit of v?
1
Let m(u) = -2*u + 2. Let y be m(-10). Suppose 69 - y = k. What is the units digit of k?
7
Suppose 2*g + k - 4*k - 18 = 0, g - 3*k = 15. Suppose 3 + g = 3*f. What is the units digit of f?
2
Suppose -5*w = 2*g + 2*g - 888, -5*w - 666 = -3*g. Suppose -6*y + 2*y = -u - 182, 5*y - g = 4*u. What is the tens digit of y?
4
Let n(m) = m**3 + 3*m**2 - m + 4. Let w be n(-3). Suppose 4*h = w - 3, 4*h + 44 = 4*v. What is the units digit of v?
2
Suppose p + 4*v + 16 = 0, -2*v = -p + v + 19. What is the units digit of p?
4
Let y(k) = -k**3 + k**2 + 2. Let r be y(0). Let w(t) = t - 2. Let s be w(r). Suppose s = -4*i - 17 + 57. What is the tens digit of i?
1
Suppose u - 2 - 4 = 0. Suppose 4*j + 16 = -2*q, -4*j + 2*q + 3 - 35 = 0. Let c = u - j. What is the tens digit of c?
1
Let m(v) = -v**2 - 9*v + 10. Let z be m(-11). Let j = 13 + z. What is the units digit of j?
1
Let i(g) = 4*g - 1. What is the units digit of i(12)?
7
Let w be (-2)/2*0/(-2). Suppose w = -3*c - c + 172. What is the units digit of c?
3
Let t be (-66)/(2 + -5) - 0. Suppose -4*k + 5*w = -44, t = 4*k - 2*k + 3*w. What is the units digit of k?
1
Suppose -d = q - 67, 0*d = d - 4*q - 87. What is the units digit of d?
1
Suppose -2*u + 3*u = 5. Suppose 0 = 3*r - 4 - u. What is the units digit of r?
3
Let r(v) = 4*v**2 + 2*v + 1. Let m be r(-1). Suppose -7*i + m*i = 36. What is the units digit of (-3)/(i/(-3)) + 3?
2
Let b be 175/(-28) - 1/(-4). Let s be -2*(-3 - (-57)/b). Suppose 2*a = -3*a + s. What is the units digit of a?
5
Let h = 5 + -5. Let k(m) be the third derivative of m**5/60 - m**4/24 + m**3 - 3*m**2. What is the units digit of k(h)?
6
Let n(h) = -h**2 - 2*h - 5. Let v be n(-7). What is the tens digit of v/(-3) - 4/(-6)?
1
Let g(n) = n**3 - 3*n**2 - 5*n - 4. Let l(h) = h - 9. Let o be l(14). What is the units digit of g(o)?
1
Suppose 3*u = -3*r, -2*u - 3*r - 1 = -0. Let z = 7 + u. Let w = 0 + z. What is the units digit of w?
8
Let q(y) = -3*y**2 - 16 + y + 3*y + 10*y + 2*y**2. Let c = -4 - -16. What is the units digit of q(c)?
8
What is the units digit of 12/60 - (-208)/10?
1
Let j(x) = x**2 + 2*x + 3. Let m be 10/45 + (-20)/9. What is the units digit of j(m)?
3
Suppose -2*c + 3*o + 28 = 9, -5*o - 25 = -2*c. Suppose -3*v = u - 2*u - 4, c*u - 12 = -v. What is the units digit of u?
2
Let u(m) = 13*m**2 + m + 5. What is the hundreds digit of u(3)?
1
Suppose 3*v - 32 = 97. What is the units digit of v?
3
Let x be -5*((-232)/20 + -2). Let l = x - 40. What is the units digit of l?
8
Let k(b) = -5*b. Let r be k(-1). Suppose r*n = -25, -h + n = 4 - 2. Let p = 12 + h. What is the units digit of p?
5
Let i(y) = y**2 + 3*y + 2. Let z be i(-3). Suppose 2*x - 5*x - 21 = -z*l, -4*l + 4*x + 36 = 0. What is the units digit of l?
6
Let y = 19 + -22. What is the units digit of (-3)/(0 + y) - -9?
0
Let i = -300 + 439. What is the hundreds digit of i?
1
Let z be (-3 - 15/(-6))*-24. What is the units digit of (-1 - -2)/(4/z)?
3
Let s(j) = -9*j**2 + j. Let r(w) = -8*w**2 + w. Let g(f) = -7*r(f) + 6*s(f). Suppose -2*u + 4*o - 12 = 0, 4*u - 3*o + 2 = -u. What is the units digit of g(u)?
6
Suppose -2*t - 10 = 0, -4*t = -3*w - 0*w - 1. Let p = w - -27. What is the units digit of p?
0
Let f = 142 + -79. What is the tens digit of f?
6
Let z = -8 - -13. Let h = 46 - 30. Suppose z*b + h = 61. What is the units digit of b?
9
Suppose 0 = v - 4 - 4. Suppose 4*b = 5*c - 34, -b - 10 = -0*b - 2*c. Let h = v + b. What is the units digit of h?
2
Suppose -3*k + 5 + 1 = 0. Suppose -3*r + 2*t + 2 = -k*r, t - 26 = -4*r. What is the units digit of r?
6
Suppose 0 = 5*p + 3*c + 5, c + 2 = -2*p + 3*c. What is the units digit of -5*(56/(-20) - p)?
9
Let h(c) = -2*c**3 - c**2 + 5*c + 4. What is the units digit of h(-4)?
6
Let y = 83 - -25. What is the hundreds digit of y?
1
Suppose 3*r + j = 2*j + 306, -j - 104 = -r. What is the tens digit of r?
0
Suppose -2*s = -s - 3. Suppose s*m = -m - 16. What is the tens digit of m/(-10) + (-272)/(-20)?
1
Let i = -3 + -4. Let v = i + 10. Suppose 10 = v*r - 5. What is the units digit of r?
5
Suppose 2*f = -t + 224, 2*t - 4*f = -9*f + 448. What is the hundreds digit of t?
2
Suppose 0 = -3*n - 0*n + 18. Let m = n - -13. What is the tens digit of m?
1
Suppose -3*h + 3*k - 4 = -19, -3 = -3*h - k. Suppose g + 48 = 2*s - g, -4*s + h*g = -90. What is the units digit of s?
1
Let x(i) = 3*i**3 - 3*i**2 - 4*i - 2. Let f be x(-2). What is the units digit of ((-40)/f)/((-4)/(-6))?
2
Let a = -578 - -827. What is the hundreds digit of a?
2
Suppose 7 + 11 = 3*f. Suppose 7 = 3*w - f*t + t, -4*t + 16 = 0. What is the units digit of w?
9
Suppose c - 4 = 4. What is the units digit of (c/12)/(8/372)?
1
Let n = -24 + 26. What is the units digit of n?
2
Let c = 5 + 0. Suppose -c*w + 3*w + 5*a - 9 = 0, -2*a + 9 = w. What is the units digit of w?
3
Suppose 2*y = -3*r + 269, 2*r = -0*y - 3*y + 406. What is the hundreds digit of y?
1
Let y = 139 + -43. What is the units digit of y?
6
Suppose 3*u = -3*u + 444. What is the units digit of u?
4
Let a(y) = y**2 - 10*y - 8. Let u be a(10). Let p = u + 16. Suppose 5 = q - p. What is the tens digit of q?
1
Suppose 0*d + 6 = -3*d. Suppose -3*x - w = w + 12, -3*w + 3 = x. Let r = d - x. What is the units digit of r?
4
Let t(h) = -h**3 + 7*h**2 - 8*h + 4. What is the tens digit of t(5)?
1
Suppose 4*a - 20 = 28. Suppose 11*s = a*s - 37. What is the tens digit of s?
3
Suppose 2*h + 56 = 4*x, 5*x + 0*x = -5*h + 70. Suppose 5*n + 3*p = 28, -n + 9 = 2*p + 2*p. Let o = x + n. What is the tens digit of o?
1
Suppose 5*z - 34 = 3*z + y, -4 = -y. What is the tens digit of z?
1
Let b = 107 + -16. What is the units digit of b?
1
Let a(f) = -f**3 + 3*f**2 + 3*f - 4. Suppose 2*j - 1 = -3*w, -j - 3*w = -5*w + 10. Let g be (6/4)/(j/(-8)). What is the units digit of a(g)?
5
Let d(t) = -t**2 - 14*t. What is the units digit of d(-6)?
8
What is the units digit of (1 - 3)*21/(-14)?
3
Let n be -20*(-2)/4 - -2. What is the units digit of (-64)/n*30/(-8)?
0
Suppose 4*x = 21 + 47. Suppose -40 + 10 = 3*k. Let r = k + x. What is the units digit of r?
7
Let s(p) = p**2 + 5*p + 3. Let h be s(-8). Suppose -6*d + h = -5*d. What is the tens digit of d?
2
Let h(z) = -z**2 + 13*z - 12. Let k = -26 - -34. What is the units digit of h(k)?
8
Let g be 1*(9/3 - 1). Suppose -7*v + 85 = -g*v. Wha